[INFO] cloning repository https://github.com/brainsickcc/libvbstd
[INFO] running `Command { std: "git" "-c" "credential.helper=" "-c" "credential.helper=/workspace/cargo-home/bin/git-credential-null" "clone" "--bare" "https://github.com/brainsickcc/libvbstd" "/workspace/cache/git-repos/https%3A%2F%2Fgithub.com%2Fbrainsickcc%2Flibvbstd", kill_on_drop: false }`
[INFO] [stderr] Cloning into bare repository '/workspace/cache/git-repos/https%3A%2F%2Fgithub.com%2Fbrainsickcc%2Flibvbstd'...
[INFO] running `Command { std: "git" "rev-parse" "HEAD", kill_on_drop: false }`
[INFO] [stdout] 08fe3051192211ae93606052327132854deeb20b
[INFO] checking brainsickcc/libvbstd against master#cfbc6d4cf1acbac5c025acf8ed68929caa551df3 for pr-75494-beta
[INFO] running `Command { std: "git" "clone" "/workspace/cache/git-repos/https%3A%2F%2Fgithub.com%2Fbrainsickcc%2Flibvbstd" "/workspace/builds/worker-3/source", kill_on_drop: false }`
[INFO] [stderr] Cloning into '/workspace/builds/worker-3/source'...
[INFO] [stderr] done.
[INFO] validating manifest of git repo https://github.com/brainsickcc/libvbstd on toolchain cfbc6d4cf1acbac5c025acf8ed68929caa551df3
[INFO] running `Command { std: "/workspace/cargo-home/bin/cargo" "+cfbc6d4cf1acbac5c025acf8ed68929caa551df3" "read-manifest" "--manifest-path" "Cargo.toml", kill_on_drop: false }`
[INFO] started tweaking git repo https://github.com/brainsickcc/libvbstd
[INFO] finished tweaking git repo https://github.com/brainsickcc/libvbstd
[INFO] tweaked toml for git repo https://github.com/brainsickcc/libvbstd written to /workspace/builds/worker-3/source/Cargo.toml
[INFO] crate git repo https://github.com/brainsickcc/libvbstd already has a lockfile, it will not be regenerated
[INFO] running `Command { std: "/workspace/cargo-home/bin/cargo" "+cfbc6d4cf1acbac5c025acf8ed68929caa551df3" "fetch" "--locked" "--manifest-path" "Cargo.toml", kill_on_drop: false }`
[INFO] [stderr] error: the lock file /workspace/builds/worker-3/source/Cargo.lock needs to be updated but --locked was passed to prevent this
[INFO] [stderr] If you want to try to generate the lock file without accessing the network, use the --offline flag.
[INFO] the lockfile is outdated, regenerating it
[INFO] running `Command { std: "/workspace/cargo-home/bin/cargo" "+cfbc6d4cf1acbac5c025acf8ed68929caa551df3" "generate-lockfile" "--manifest-path" "Cargo.toml" "-Zno-index-update", kill_on_drop: false }`
[INFO] running `Command { std: "/workspace/cargo-home/bin/cargo" "+cfbc6d4cf1acbac5c025acf8ed68929caa551df3" "fetch" "--locked" "--manifest-path" "Cargo.toml", kill_on_drop: false }`
[INFO] running `Command { std: "docker" "create" "-v" "/var/lib/crater-agent-workspace/builds/worker-3/target:/opt/rustwide/target:rw,Z" "-v" "/var/lib/crater-agent-workspace/builds/worker-3/source:/opt/rustwide/workdir:ro,Z" "-v" "/var/lib/crater-agent-workspace/cargo-home:/opt/rustwide/cargo-home:ro,Z" "-v" "/var/lib/crater-agent-workspace/rustup-home:/opt/rustwide/rustup-home:ro,Z" "-e" "SOURCE_DIR=/opt/rustwide/workdir" "-e" "CARGO_TARGET_DIR=/opt/rustwide/target" "-e" "CARGO_HOME=/opt/rustwide/cargo-home" "-e" "RUSTUP_HOME=/opt/rustwide/rustup-home" "-w" "/opt/rustwide/workdir" "-m" "1610612736" "--user" "0:0" "--network" "none" "rustops/crates-build-env@sha256:a636fd89d022f18117e1dc8fb37a0a009933cdbbe082814857f0e2024962d47c" "/opt/rustwide/cargo-home/bin/cargo" "+cfbc6d4cf1acbac5c025acf8ed68929caa551df3" "metadata" "--no-deps" "--format-version=1", kill_on_drop: false }`
[INFO] [stderr] WARNING: Your kernel does not support swap limit capabilities or the cgroup is not mounted. Memory limited without swap.
[INFO] [stdout] b536c30f8ca3f0a44e726863ac5270fb96f2f80c4650eaf06377aa63be1b3588
[INFO] running `Command { std: "docker" "start" "-a" "b536c30f8ca3f0a44e726863ac5270fb96f2f80c4650eaf06377aa63be1b3588", kill_on_drop: false }`
[INFO] running `Command { std: "docker" "inspect" "b536c30f8ca3f0a44e726863ac5270fb96f2f80c4650eaf06377aa63be1b3588", kill_on_drop: false }`
[INFO] running `Command { std: "docker" "rm" "-f" "b536c30f8ca3f0a44e726863ac5270fb96f2f80c4650eaf06377aa63be1b3588", kill_on_drop: false }`
[INFO] [stdout] b536c30f8ca3f0a44e726863ac5270fb96f2f80c4650eaf06377aa63be1b3588
[INFO] running `Command { std: "docker" "create" "-v" "/var/lib/crater-agent-workspace/builds/worker-3/target:/opt/rustwide/target:rw,Z" "-v" "/var/lib/crater-agent-workspace/builds/worker-3/source:/opt/rustwide/workdir:ro,Z" "-v" "/var/lib/crater-agent-workspace/cargo-home:/opt/rustwide/cargo-home:ro,Z" "-v" "/var/lib/crater-agent-workspace/rustup-home:/opt/rustwide/rustup-home:ro,Z" "-e" "SOURCE_DIR=/opt/rustwide/workdir" "-e" "CARGO_TARGET_DIR=/opt/rustwide/target" "-e" "CARGO_INCREMENTAL=0" "-e" "RUST_BACKTRACE=full" "-e" "RUSTFLAGS=--cap-lints=forbid" "-e" "CARGO_HOME=/opt/rustwide/cargo-home" "-e" "RUSTUP_HOME=/opt/rustwide/rustup-home" "-w" "/opt/rustwide/workdir" "-m" "1610612736" "--user" "0:0" "--network" "none" "rustops/crates-build-env@sha256:a636fd89d022f18117e1dc8fb37a0a009933cdbbe082814857f0e2024962d47c" "/opt/rustwide/cargo-home/bin/cargo" "+cfbc6d4cf1acbac5c025acf8ed68929caa551df3" "check" "--frozen" "--all" "--all-targets" "--message-format=json", kill_on_drop: false }`
[INFO] [stderr] WARNING: Your kernel does not support swap limit capabilities or the cgroup is not mounted. Memory limited without swap.
[INFO] [stdout] 28bbc438755c4c050c7da50cfcde81d3c2a86cf98e25ee13a3a6d59f2ba79ae4
[INFO] running `Command { std: "docker" "start" "-a" "28bbc438755c4c050c7da50cfcde81d3c2a86cf98e25ee13a3a6d59f2ba79ae4", kill_on_drop: false }`
[INFO] [stderr]    Compiling winapi-build v0.1.1
[INFO] [stderr]     Checking winapi v0.2.8
[INFO] [stderr]    Compiling user32-sys v0.2.0
[INFO] [stderr]     Checking vbstd v0.2.1 (/opt/rustwide/workdir)
[INFO] [stdout] error[E0433]: failed to resolve: could not find `windows` in `os`
[INFO] [stdout]   --> src/interaction.rs:19:14
[INFO] [stdout]    |
[INFO] [stdout] 19 | use std::os::windows::ffi::OsStrExt;
[INFO] [stdout]    |              ^^^^^^^ could not find `windows` in `os`
[INFO] [stdout] 
[INFO] [stdout] 
[INFO] [stdout] error[E0425]: cannot find function, tuple struct or tuple variant `MessageBoxW` in crate `user32`
[INFO] [stdout]   --> src/interaction.rs:37:17
[INFO] [stdout]    |
[INFO] [stdout] 37 |         user32::MessageBoxW(
[INFO] [stdout]    |                 ^^^^^^^^^^^ not found in `user32`
[INFO] [stdout] 
[INFO] [stdout] 
[INFO] [stdout] error[E0425]: cannot find value `MB_OK` in crate `winapi`
[INFO] [stdout]   --> src/interaction.rs:41:21
[INFO] [stdout]    |
[INFO] [stdout] 41 |             winapi::MB_OK,
[INFO] [stdout]    |                     ^^^^^ not found in `winapi`
[INFO] [stdout] 
[INFO] [stdout] 
[INFO] [stdout] error[E0433]: failed to resolve: could not find `windows` in `os`
[INFO] [stdout]   --> src/interaction.rs:19:14
[INFO] [stdout]    |
[INFO] [stdout] 19 | use std::os::windows::ffi::OsStrExt;
[INFO] [stdout]    |              ^^^^^^^ could not find `windows` in `os`
[INFO] [stdout] 
[INFO] [stdout] 
[INFO] [stdout] error[E0425]: cannot find function, tuple struct or tuple variant `MessageBoxW` in crate `user32`
[INFO] [stdout]   --> src/interaction.rs:37:17
[INFO] [stdout]    |
[INFO] [stdout] 37 |         user32::MessageBoxW(
[INFO] [stdout]    |                 ^^^^^^^^^^^ not found in `user32`
[INFO] [stdout] 
[INFO] [stdout] 
[INFO] [stdout] error[E0425]: cannot find value `MB_OK` in crate `winapi`
[INFO] [stdout]   --> src/interaction.rs:41:21
[INFO] [stdout]    |
[INFO] [stdout] 41 |             winapi::MB_OK,
[INFO] [stdout]    |                     ^^^^^ not found in `winapi`
[INFO] [stdout] 
[INFO] [stdout] 
[INFO] [stdout] error[E0599]: no method named `encode_wide` found for reference `&std::ffi::OsStr` in the current scope
[INFO] [stdout]   --> src/interaction.rs:26:19
[INFO] [stdout]    |
[INFO] [stdout] 26 |     OsStr::new(s).encode_wide().chain(iter::once(0)).collect()
[INFO] [stdout]    |                   ^^^^^^^^^^^ method not found in `&std::ffi::OsStr`
[INFO] [stdout] 
[INFO] [stdout] 
[INFO] [stdout] error: aborting due to 4 previous errors
[INFO] [stdout] 
[INFO] [stdout] 
[INFO] [stdout] Some errors have detailed explanations: E0425, E0433, E0599.
[INFO] [stdout] 
[INFO] [stdout] For more information about an error, try `rustc --explain E0425`.
[INFO] [stdout] 
[INFO] [stderr] error: could not compile `vbstd`.
[INFO] [stderr] 
[INFO] [stderr] To learn more, run the command again with --verbose.
[INFO] [stderr] warning: build failed, waiting for other jobs to finish...
[INFO] [stdout] error[E0599]: no method named `encode_wide` found for reference `&std::ffi::OsStr` in the current scope
[INFO] [stdout]   --> src/interaction.rs:26:19
[INFO] [stdout]    |
[INFO] [stdout] 26 |     OsStr::new(s).encode_wide().chain(iter::once(0)).collect()
[INFO] [stdout]    |                   ^^^^^^^^^^^ method not found in `&std::ffi::OsStr`
[INFO] [stdout] 
[INFO] [stdout] 
[INFO] [stdout] error: aborting due to 4 previous errors
[INFO] [stdout] 
[INFO] [stdout] 
[INFO] [stdout] Some errors have detailed explanations: E0425, E0433, E0599.
[INFO] [stdout] 
[INFO] [stdout] For more information about an error, try `rustc --explain E0425`.
[INFO] [stdout] 
[INFO] [stderr] error: build failed
[INFO] running `Command { std: "docker" "inspect" "28bbc438755c4c050c7da50cfcde81d3c2a86cf98e25ee13a3a6d59f2ba79ae4", kill_on_drop: false }`
[INFO] running `Command { std: "docker" "rm" "-f" "28bbc438755c4c050c7da50cfcde81d3c2a86cf98e25ee13a3a6d59f2ba79ae4", kill_on_drop: false }`
[INFO] [stdout] 28bbc438755c4c050c7da50cfcde81d3c2a86cf98e25ee13a3a6d59f2ba79ae4
